What is r(j)?
-1
Let o(f) = -3*f - 7. Suppose 8*y - 2 + 42 = 0. Determine o(y).
8
Let k(f) = 2*f + 1 - 6*f - 16*f - f. What is k(1)?
-20
Let p(r) = 2*r + 19*r**3 + 0*r + 16 - 17 - r**2. Determine p(1).
19
Let b(c) = c**3 - 7*c**2 - 6*c. Let u be b(8). Suppose y = 5*y + u. Let m(n) = n**3 + 3*n**2 - 4*n - 1. What is m(y)?
-1
Let r(i) = 13*i**3 - 3*i**2 + 12*i + 13. Let z(g) = 3*g**3 - g**2 + 3*g + 3. Suppose 0*p + 4*p - 8 = 0. Let a(d) = p*r(d) - 9*z(d). What is a(3)?
-10
Let i(y) = y**2 - 9*y - 2. Let l be i(8). Let n(d) = -d**2 - 12*d - 15. Let t be n(l). Let u(h) = h - 6. Determine u(t).
-1
Let v(f) be the third derivative of -f**4/24 + 2*f**3/3 - f**2. What is v(0)?
4
Let a(c) be the second derivative of -c**5/20 + 2*c**4/3 + c**3/6 - 11*c**2/2 + 11*c. Calculate a(8).
-3
Let h(t) = t**3 + 5*t + 1. Let i(f) = -f**3 - f. Let o(s) = -h(s) - 4*i(s). Give o(-1).
-3
Let m = 32 + -29. Let l(n) = 4*n + 1 - m - n**3 - 5*n. Let p = 0 + 0. Calculate l(p).
-2
Let d be (3 - -2)*6/10. Let w(r) = -6*r + 3*r**2 - r**2 - 7 - d*r**2. Let b = -59 - -54. Give w(b).
-2
Let k(t) be the second derivative of -t**4/12 - t**3 + t**2 - 5*t. Let y = 18 - 24. Calculate k(y).
2
Let l(o) = o**3 + o. Let h(s) = s**3 - 2*s**2 - s. Let w be h(-1). Let f = -4 - w. Calculate l(f).
-10
Let d(c) be the third derivative of 1/60*c**5 - 1/6*c**3 + 0 - 1/8*c**4 - c**2 + 0*c - 1/180*c**6. Let p(k) be the first derivative of d(k). Determine p(2).
-7
Let p = 1 - -3. Let h(b) = 2*b + 17*b**2 - 22*b**2 - 2 + b**3 + 4*b. Give h(p).
6
Let q(x) = x + 0*x - 6*x + 33 - 32. What is q(-1)?
6
Let n(s) = s**3 - 4*s**2 - 4*s - 7. Let w = -116 - -121. What is n(w)?
-2
Let j(a) be the first derivative of a**3 - a**2 - a + 1. Let t = -5 - -4. Calculate j(t).
4
Suppose 0 = -4*t - t + 15. Let x(q) = t + 1 - q + 5. Calculate x(6).
3
Suppose -3*z + 27 = 2*c, 0 = 2*z - 6*z - 4*c + 40. Let g(q) = q**3 - 8*q**2 + 7*q + 5. Determine g(z).
5
Let g(p) = -2*p**2 - 5*p + 3. Let a = 50 + -54. Calculate g(a).
-9
Let v(q) = -q**2 + 6*q - 4. Let h be v(5). Let d be (-2 - h) + -2 + -1. Let y(m) = -m**2 - 6*m + 7. Determine y(d).
7
Let o(u) = 6*u + 10. Let j(z) = -7*z - 11. Let q(n) = -4*j(n) - 5*o(n). Let p be q(0). Let i(s) = s**3 + 7*s**2 + 6*s - 5. Determine i(p).
-5
Let u be (-24)/30 + 58/10. Let r(o) be the third derivative of o**5/60 - 5*o**4/24 - o**3/6 + o**2. Give r(u).
-1
Let r(v) = 4*v**3 - v**2 - v. Let y(q) = q**3 + q**2 - q - 1. Let k be y(0). Calculate r(k).
-4
Let n be (1 - 2)*1*-2. Let f(w) = w**3 + 6*w + 3*w**n - w + 3 - 4*w - 3*w. Give f(-4).
-5
Let l(i) = 10*i - 1. Let y(q) = q**3 - 11*q**2 + 9*q + 11. Suppose 3*s - 16 = -3*c + 4*s, -4*c + s + 20 = 0. Let k = c - -6. Let u be y(k). Calculate l(u).
9
Let d = 3 - -2. Let h(q) = d*q**2 + 1 - 4*q**2 - 11 - 6*q. Calculate h(7).
-3
Let b(z) be the third derivative of -z**9/60480 - z**8/6720 + z**7/2520 - z**6/144 - z**5/15 + 2*z**2. Let c(u) be the third derivative of b(u). Give c(-4).
3
Let h(u) = -u - 7. Suppose -r - 8 = -1. Give h(r).
0
Let h(j) = j**2 - 1. Let k(n) = -n**2 + 4 - 5*n**2 - 4*n + 4. Let c(f) = -5*h(f) - k(f). Determine c(-5).
2
Let h(y) = y**2 + y - 1. Let x be h(2). Let n(m) = m + 0*m + 8 + 4*m**2 - 2 - m**3 + m. Determine n(x).
-9
Let s(j) = j**2 + 6*j - 4. Let v = 12 + -6. Let b(c) = 1. Let h(f) = v*b(f) + s(f). What is h(-4)?
-6
Let s = 9 - 7. Suppose 0 = o - 2, -l + s*o + 1 = -3. Let n = 12 - l. Let j(b) = 2*b**2 - 6*b + 2. Determine j(n).
10
Suppose 20 = 4*v - 0. Let j(x) = 3*x + 1. Determine j(v).
16
Suppose -4*y = 4*f - 0*f - 16, -3*f + 16 = 5*y. Let x(l) = 2*l + 1. Determine x(y).
5
Let b be -2*(-3)/18 - 1/(-6). Let f(l) be the second derivative of 0 + 1/2*l**3 + 1/20*l**5 - 2*l**2 - 2*l + b*l**4. Calculate f(-5).
6
Let q(a) = 2*a + 6. Let u be (6/(-3))/(-1)*2. Suppose -3*h = 8 + u. Let n(f) = f. Let s be n(h). What is q(s)?
-2
Let b(g) be the third derivative of -g**6/180 - g**5/60 + g**4/24 + g**3/3 + 3*g**2. Let i(v) be the first derivative of b(v). What is i(1)?
-3
Let k(p) = -4*p**3 - 4*p**2 + 3*p - 3. Let l(o) = 5*o**3 + 4*o**2 - 3*o + 3. Let f(y) = -6*k(y) - 5*l(y). Determine f(3).
3
Suppose -5*r + 15 = 3*z + 2, 2*z = 4*r - 6. Let l(n) be the first derivative of -8*n - r*n**2 + 5 - 3 + 0*n**2 + 2*n. What is l(-4)?
10
Let s(y) = 13*y**3 - 16*y**2 + 27*y + 12. Let u(b) = -7*b**3 + 8*b**2 - 14*b - 6. Let a(i) = 6*s(i) + 11*u(i). Determine a(6).
-18
Let a = -4 + -6. Let c = a + 12. Let w(u) = -u**2 + 4*u - 2. Give w(c).
2
Let u(r) = -2*r**3 + 3*r**2 - r - 1. Let b = -11 + 13. Calculate u(b).
-7
Let q(g) = -g**3 + 4*g**2 - 6*g + 2. Let x(v) = -4*v**3 + 15*v**2 - 24*v + 8. Let z(f) = -9*q(f) + 2*x(f). Give z(5).
3
Let c(q) = q**2 - 5*q + 4. Let b be 8 + (0 + 12/(-15))*5. Determine c(b).
0
Let g(h) be the second derivative of -h**7/2520 + h**6/144 - h**5/40 + h**4/2 - h. Let s(v) be the third derivative of g(v). What is s(6)?
-9
Let c(x) be the third derivative of x**6/120 + x**5/20 - x**4/8 - x**3/2 - 7*x**2. Determine c(-4).
-7
Let b(u) = u**3 + 5*u**2 - 6*u - 7. Let i = -33 + 20. Let d = 7 + i. Determine b(d).
-7
Suppose -3*y + 5*c = 35, -y - c = -0 + 1. Let h(f) = f**3 + 5*f**2 - 2*f - 2. Give h(y).
8
Let k(r) = r**2 - 6*r - 3. Let d be 3 + (-2 - -2) + 3. Let l be k(d). Let g(p) = -p**2 - 6*p - 3. Calculate g(l).
6
Let q(g) be the second derivative of g**6/120 - g**4/24 - g**3/6 - g**2/2 - 2*g. Let v(z) be the first derivative of q(z). Calculate v(-2).
-7
Let d(a) be the third derivative of -a**5/60 + a**4/24 + a**3/2 + 9*a**2 - 2*a. Give d(0).
3
Let m(c) = 3*c + 0*c**2 - 4*c**2 + 1 + 2*c**2 + c**2. Let f(p) = p**2 + p - 3. Let n be f(-3). Give m(n).
1
Suppose -17*h = -14*h - 15. Let l(q) = -2*q**2 - 2*q. Let g(s) = -5*s**2 - 7*s - 1. Let o(t) = 3*g(t) - 8*l(t). Give o(h).
-3
Let a(f) = f + 10. Let v(q) = q**3 - 6*q**2 + 4*q - 1. Let x be v(5). What is a(x)?
4
Let y(d) be the second derivative of -d**5/20 + 5*d**4/12 + 7*d**3/6 - d**2/2 - 98*d. Let l(h) = h**2 - h. Let c be l(3). Give y(c).
5
Let g(i) = i**3 - 2*i**2 - i + 1. Let x be 1*3/(9/6). Calculate g(x).
-1
Let c(n) be the third derivative of -n**6/120 - n**5/20 + n**4/8 - n**3/6 + 3*n**2 - 6. Give c(2).
-15
Let x(q) = -q + 10. Let l = -3 - -9. Let i be x(l). Let z be 14/i + (-1)/(-2). Let k(o) = o**2 - 4*o + 2. Give k(z).
2
Let o(m) be the second derivative of -m**4/12 + m**3/6 + 7*m**2/2 + 18*m. Give o(5).
-13
Let w(j) = j**2 - 6*j + 3. Suppose 0 = 4*o - 5*o + 5. Give w(o).
-2
Let b = 3 - 0. Let d(y) = -y - 3*y**3 - y**b - 3*y**3 + 2*y**2. Determine d(1).
-6
Let u(b) = b**3 + 5*b**2 + 6*b + 3. Let s(j) = -3*j**2 + 2*j + 1. Let z be s(-1). What is u(z)?
-5
Suppose -2*s - 3*s + 10 = 0. Let q(k) be the second derivative of -k**4/12 + k**3/2 - k**2 + 3*k. Give q(s).
0
Let a(g) = g**2 - 3*g - 2. Suppose 0 = 2*h - 5*f + 34, 10 = -2*h + 2*f - 3*f. Let p = 9 + h. Give a(p).
-4
Let l(q) = 7*q - 4. Let u(m) = -3 + 0 + 3*m + 4 - 3. Let a be 3 - (4 + 1)*1. Let x(n) = a*l(n) + 5*u(n). What is x(3)?
1
Let s(b) be the third derivative of b**4/24 - b**3/6 + 7*b**2. Give s(-1).
-2
Let n(p) = -p - 3. Suppose -3*q = -7*q - 4*r - 16, 0 = 3*q + 5*r + 12. Let z(b) = b**2 + 3*b - 3. Let o be z(q). Let t be o/(-2)*0/(-4). Calculate n(t).
-3
Let d(j) = -j - 2. Let a be (24/3)/2 + 1. Let c = a + -3. Let b be (c/(-1))/(4/6). Determine d(b).
1
Let c(r) = -6*r**2 - 35*r + 31. Let j(v) = -v**2 - 7*v + 6. Let q(a) = 2*c(a) - 11*j(a). Suppose -3*t = -0*t - 18. Give q(t).
2
Let t(c) be the third derivative of c**4/24 - 11*c**3/6 + 5*c**2. Calculate t(0).
-11
Let l = 8 + -4. Let b be (l/(-3))/(8/(-12)). Suppose b*j - 7 = 4*g - 1, 7 = -3*g + 2*j. Let u(n) = -n**2 + 1. Give u(g).
0
Let f(k) be the second derivative of -1/12*k**4 + k**3 + 2*k + 0*k**2 + 0. Calculate f(6).
0
Let a(r) = 10*r**2 + 12*r - 16. Let b(i) = -3*i**2 - 4*i + 5. Let x(k) = 2*a(k) + 7*b(k). Suppose -74*f + 72*f = 8. Determine x(f).
3
Let t(y) = y + 7. Suppose j - 3*j - 10 = 0. What is t(j)?
2
Suppose -14 = -5*x - o, 3*o = 3*x - 2*x - 6. Let k(r) be the first derivative of 2*r**x + 2 - 2*r**2 - 6*r - 1/4*r**4. Determine k(5).
-1
Suppose 13*j - 9*j + 20 = 0. Let z(y) = y**2 + 5*y - 6. Determine z(j).
-6
Let c(l) = l**2 - l - 1. Let r be c(2). Let q(k) = -9*k**3 - k**2 + k. What is q(r)?
-9
Let q(s) = 2*s**2 - 10*s - 12. Let 